1202201101202 (base 3) in base 9?
1681352
-311232331 (base 4) to base 7
-1604446
2883b (base 15) to base 14
355b4
2c229c (base 14) to base 4
11320220002
Convert -21023302 (base 6) to base 3.
-1010222121002
-11012224 (base 5) to base 3
-11210220000
-133200011 (base 4) to base 9
-215885
Convert 3f967 (base 16) to base 13.
91720
Convert -998b2c (base 15) to base 5.
-3333211032
Convert -3033241 (base 7) to base 14.
-95958
What is 5240071 (base 9) in base 14?
52cdd1
What is -1003403024 (base 5) in base 4?
-13223123121
Convert -2eeeb (base 15) to base 5.
-14324441
1001101001101111 (base 2) to base 15
baaa
1651b9 (base 14) to base 4
2333000333
Convert 3253 (base 8) to base 4.
122223
What is 39959 (base 11) in base 3?
2220021011
What is -6780fe (base 16) in base 14?
-c88046
2715 (base 10) to base 5
41330
What is -5252443 (base 7) in base 12?
-267421
What is 246361a (base 12) in base 2?
11011000100110110110110
Convert -6815421 (base 9) to base 13.
-9b724a
What is -1334024 (base 5) in base 9?
-41512
What is 1722802 (base 12) in base 10?
4773890
Convert 122121011202110 (base 3) to base 13.
1c26174
-4011549 (base 11) to base 3
-111100212022102
What is -19a6a (base 11) in base 13?
-c918
What is 5104455 (base 7) in base 15?
beb40
Convert 221102230 (base 4) to base 5.
20403012
-14433244 (base 7) to base 14
-27925b
-17e35 (base 15) to base 14
-20322
What is -211220001211 (base 3) in base 13?
-12a114
What is 170a6 (base 11) in base 15?
71ee
Convert 11210010102221 (base 3) to base 14.
4a2360
Convert 101011110110010010 (base 2) to base 8.
536622
1437490 (base 10) to base 7
15134635
Convert 545506 (base 8) to base 12.
89b72
What is 292065 (base 11) in base 6?
13441524
-5653503 (base 7) to base 6
-23015413
What is -49239 (base 15) in base 14?
-6109d
What is -120221 (base 8) in base 13?
-1592c
What is 242a (base 11) in base 9?
4321
Convert -101001001000011110 (base 2) to base 5.
-20342403
What is 200112002200 (base 3) in base 13?
c9c30
Convert -5c877 (base 14) to base 2.
-110111010101111001
32345150 (base 6) to base 9
1726613
-1949ce6 (base 15) to base 6
-1455402343
-1050511 (base 6) to base 9
-81127
943029 (base 10) to base 14
1a7953
Convert -12b92 (base 14) to base 2.
-1011010001101100
Convert -2060011 (base 8) to base 9.
-1025818
51055411 (base 6) to base 16
162fdf
What is -11111111111000011100111 (base 2) in base 15?
-b0957d
-22156662 (base 7) to base 14
-37b532
32322550 (base 7) to base 3
12012022220121
What is 1c9320 (base 16) in base 7?
21626454
What is -1000110110010000001100 (base 2) in base 6?
-121413500
1410022113 (base 5) to base 8
15556023
What is -76820 (base 10) in base 5?
-4424240
-11001101111011100 (base 2) to base 8
-315734
Convert 207303 (base 10) to base 5.
23113203
Convert 13327351 (base 9) to base 3.
110100221101201
What is 51774 (base 12) in base 4?
122000020
Convert 9b5188 (base 15) to base 14.
dabc50
What is -25670b (base 15) in base 11?
-1015707
18a612 (base 11) to base 2
1000111010110000100
-11100000011110100001 (base 2) to base 10
-919457
Convert 49770 (base 11) to base 9.
118027
-35315b (base 14) to base 6
-102514233
43b9ad (base 14) to base 6
121133513
1dbb567 (base 14) to base 3
1001011210221120
What is -1520434 (base 6) in base 14?
-2426a
-3106366 (base 7) to base 3
-200220022001
What is -f3f58 (base 16) in base 9?
-1782644
Convert 351161 (base 7) to base 3.
10012020012
Convert 167504 (base 8) to base 16.
ef44
What is 107643b (base 12) in base 6?
151202515
Convert -121222201 (base 4) to base 12.
-50a01
Convert -100000010100011010101011 (base 2) to base 10.
-8472235
What is -327116 (base 11) in base 12?
-21202a
What is -45244030 (base 6) in base 7?
-14453463
Convert 397407 (base 14) to base 7.
22552210
Convert 36643 (base 13) to base 15.
1e924
-21220002201 (base 3) to base 14
-40886
What is -25422052 (base 8) in base 2?
-10101100010010000101010
145314 (base 9) to base 14
24710
-11101011010000000 (base 2) to base 8
-353200
Convert 105ba2 (base 13) to base 8.
1356415
Convert 358211 (base 9) to base 13.
773b0
Convert -502343 (base 9) to base 11.
-193147
3133122021 (base 4) to base 8
3373211
Convert bc08 (base 15) to base 4.
21232121
Convert -83d27c (base 14) to base 3.
-22101021202111
What is -210221010200 (base 3) in base 4?
-1221120303
What is 151621 (base 14) in base 4?
2303022131
What is -1011001011100100011 (base 2) in base 11?
-230295
Convert 121002010022 (base 3) to base 8.
1152073
What is 1101000002111 (base 3) in base 9?
1330074
What is -2201731 (base 10) in base 12?
-8a2197
-22010123112 (base 4) to base 2
-1010000100011011010110
-3b31 (base 13) to base 16
-212a
What is 40664602 (base 7) in base 14?
64b172
1022221021 (base 3) to base 2
110011001010101
302343040 (base 5) to base 3
2021202012122
What is -12b8584 (base 15) in base 8?
-63364343
Convert 37272 (base 9) to base 5.
1300023
What is -104403100 (base 5) in base 6?
-13553305
Convert -298091 (base 10) to base 12.
-12460b
What is d8b4 (base 16) in base 15?
11686
What is 53453125 (base 7) in base 6?
241313224
Convert 10001221 (base 3) to base 5.
32424
What is 1102612 (base 7) in base 12?
66471
What is 446203 (base 9) in base 6?
5420003
What is -110113233203 (base 4) in base 14?
-9d017d
7a8798 (base 16) to base 13
1882054
What is 3010473 (base 10) in base 16?
2defa9
Convert -11100111101100111011 (base 2) to base 16.
-e7b3b
1bb4b7 (base 13) to base 16
ad739
Convert -50677 (base 13) to base 8.
-431055
Convert 1076595 (base 13) to base 3.
100111002210110
What is -116a5c9 (base 14) in base 3?
-120200000202011
What is -6142472 (base 8) in base 2?
-110001100010100111010
Convert 5acc6b (base 13) to base 2.
1000010001111010111100
Convert -42604 (base 14) to base 9.
-263836
111010001011010110000 (base 2) to base 4
13101122300
What is 1113012333 (base 4) in base 6?
11351503
What is -185139 (base 13) in base 8?
-2251247
Convert -214453543 (base 6) to base 15.
-514e56
What is -211300023 (base 4) in base 9?
-255106
What is 38d74 (base 16) in base 5?
24422240
What is 55c511 (base 16) in base 11?
319a169
-1000110111000111100011101 (base 2) to base 3
-1021222010112022
Convert 1221020212 (base 4) to base 10.
430630
1110555413 (base 6) to base 10
12083841
-c8baa (base 13) to base 16
-58743
-320333 (base 7) to base 2
-1101100001100010
What is -f14efe (base 16) in base 6?
-1322542450
What is 2737661 (base 8) in base 11?
486542
Convert -20610505 (base 7) to base 12.
-705097
What is -22201111022211 (base 3) in base 11?
-2686567
-90661 (base 10) to base 16
-16225
Convert 10001001000100101100 (base 2) to base 16.
8912c
-12220111021012 (base 3) to base 15
-420248
Convert -10215445 (base 8) to base 7.
-24304321
200332101023 (base 4) to base 14
1210043
What is 16858 (base 12) in base 9?
48305
What is 22154011 (base 6) in base 8?
2431227
-851116 (base 10) to base 13
-23a526
111111100000111110 (base 2) to base 14
6ab4a
Convert 1120333030 (base 4) to base 10.
364492
95396 (base 11) to base 16
21e8c
-c59e01 (base 15) to base 9
-18615181
Convert -110240331 (base 6) to base 16.
-1e37ff
5af85d (base 16) to base 9
12186065
What is -1a9b3a6 (base 12) in base 8?
-25526556
-132033221 (base 4) to base 6
-2353305
-1000010111100100101111110 (base 2) to base 11
-99a7388
Convert 147a3b (base 12) to base 4.
1110110033
What is -3460561 (base 7) in base 12?
-18b7b1
-1102100110101 (base 3) to base 14
-15913b
What is -4426b46 (base 12) in base 8?
-61440346
What is 320903 (base 12) in base 15?
108ccc
33222546 (base 7) to base 15
3b843c
1033440 (base 7) to base 16
1ec99
Convert 74381 (base 11) to base 14.
2b651
13707 (base 9) to base 3
110210021
What is 356433 (base 8) in base 3?
20012112200
26555018 (base 9) to base 12
4471108
51473 (base 13) to base 8
434554
-264775 (base 8) to base 7
-534113
Convert 4353102 (base 6) to base 2.
110101000000011110
4423406 (base 7) to base 3
1000122000212
What is 4540267 (base 10) in base 6?
241151431
-4920436 (base 10) to base 14
-92123a
What is 3032112022 (base 5) in base 2?
10111011000010101110100
230023332 (base 4) to base 2
101100001011111110
What is 452128 (base 9) in base 3?
111202010222
What is 6949a (base 12) in base 2?
100010010101110110
Convert -1001010000110110001 (base 2) to base 4.
-1022012301
126715 (base 8) to base 13
17337
What is 2066205 (base 7) in base 6?
5222013
What 